digit of x?
5
Suppose -2*f - 3*f = -10. What is the tens digit of 1 + ((-4)/3)/(f/(-33))?
2
Suppose q + 2*q - 2*g = 4, 10 = 3*q - 5*g. Suppose q = h - 2*h + 9. Let d = 17 - h. What is the units digit of d?
8
Let j = 2903 - 219. What is the thousands digit of j?
2
Let b be (-8)/20 - 3324/15. What is the units digit of (-5 - 0)*b/15?
4
Let z(u) be the second derivative of -7/6*u**4 + 1/3*u**3 + 3*u + 3/2*u**2 + 0 + 1/20*u**5. What is the units digit of z(14)?
1
Let m = -125 + 72. Let n = m - -59. What is the units digit of n?
6
Let j = 6 + -4. Suppose 0*n + 220 = 5*d + 4*n, -2*n - 10 = 0. Suppose -j*q = -3*q + d. What is the tens digit of q?
4
Let f = 4851 - 2224. What is the units digit of f?
7
Let t be ((-40)/(-6))/((-4)/12). Suppose -4*w - 5 = 207. Let k = t - w. What is the units digit of k?
3
Suppose -83*o + 76*o + 6153 = 0. What is the units digit of o?
9
Suppose -3*n = s + 4*s - 5, 21 = 5*n + 2*s. Let w be (-3815)/(-45) - (-2)/9. Suppose 2*r = n + w. What is the tens digit of r?
4
Let o(c) = 56*c + 35. What is the units digit of o(5)?
5
What is the hundreds digit of (-15736)/(-21)*6 + 6?
5
Let v(d) = 20*d**2 - 23*d + 477. What is the hundreds digit of v(15)?
6
Let b be (-48)/18*54/(-8). Let o = 12 + -88. What is the units digit of (-16)/72 - o/b?
4
Let o = -3 - 6. Let w = 9 + o. Let v(b) = -b + 35. What is the units digit of v(w)?
5
Suppose 5*c + u - 457 = 0, -7*c - 5*u + 261 = -4*c. What is the units digit of c?
2
What is the units digit of (-15)/20 + (-6822)/(-8) + -5?
7
Let n(x) = -39*x + 32. What is the hundreds digit of n(-2)?
1
Suppose -6945 = -3*a + 792. What is the tens digit of a?
7
Let s(z) = -z**3 + 7*z**2 - z + 7. Let m = -27 - -33. What is the tens digit of s(m)?
3
Let t(f) = -2*f**3 - 5*f**2 - 3*f. Let w(r) = -3*r**3 - 9*r**2 - 6*r. Let h(d) = 5*t(d) - 3*w(d). Suppose 0 = -0*o - 3*o - 6. What is the units digit of h(o)?
0
Suppose -m = r, 3*r - 2 = 3*m - 14. Suppose -23 + 135 = m*i. What is the tens digit of i?
5
Suppose -5*w = 5*g - 1440, w - 114 = -2*g + 459. Suppose i = 4*i - g. What is the tens digit of i?
9
Suppose m - 3 = -a, 5*a - 11 = 4. Suppose m = -3*c + 3, -3*c + 695 = 5*p + 2*c. What is the tens digit of p?
3
Let b be -5*9/(-6)*144/(-20). Let j = b - -141. What is the tens digit of j?
8
Suppose 7*d + 2728 = 15*d. What is the units digit of d?
1
Let f(w) = w**3 + 14*w**2 + 12*w + 8. Let l = 19 - 10. Suppose 2*p + 17 = -l. What is the units digit of f(p)?
1
What is the tens digit of (2 - (19 - -1))*(-80)/6?
4
Let g = 364 - 187. What is the tens digit of g?
7
Suppose -2 = 3*n + 4. Let b = n + 6. Suppose 169 - 69 = b*x. What is the units digit of x?
5
Let d(t) = -16*t - 14. Let m(q) = -q + 2. Let f(y) = -d(y) + 4*m(y). What is the units digit of f(3)?
8
Suppose 11*g = 6484 + 35613. What is the tens digit of g?
2
Suppose -4*o + 0*o = 0. Let v(q) = q**2 - 5*q + 5. Let x be v(5). Suppose o = n - x - 3. What is the units digit of n?
8
Suppose 0*v + 5*t - 3 = -3*v, 3*v - t = 3. Let z(g) = g**2 + 3*g + 2. Let m be z(3). Let c = m + v. What is the units digit of c?
1
Suppose -d = -0*d - 3. Let f(i) = 5*i**3 - 4*i**2 + 6*i - 4. Let s(k) = -k**3 - k. Let m(w) = -f(w) - 4*s(w). What is the units digit of m(d)?
7
Let q = 922 - 580. What is the hundreds digit of q?
3
Let s(l) = -7*l**3 - 2*l**2 + 2*l + 2. Suppose -4*z - 3 - 5 = 0. What is the units digit of s(z)?
6
Suppose -77*w + 137123 = -476. What is the hundreds digit of w?
7
Suppose -3*d - 4*d = 679. Let f = d + 179. What is the units digit of f?
2
Let o(a) be the first derivative of 2 + 7/2*a**2 - 1/3*a**3 + 8*a. What is the units digit of o(6)?
4
Let y(d) = -d**3 - 17*d**2 + 18*d + 18. Let b be y(-18). Let a = b - 13. What is the units digit of a?
5
Let v(n) = -n + 2 - 3 - 4*n + 5 + 8*n**2. What is the units digit of v(-4)?
2
Let q be (0 + 2)*(-130)/(-20). Let g = 15 - q. Suppose g*k - 78 = -18. What is the tens digit of k?
3
What is the hundreds digit of (-1 + 182)/(((-56)/32)/(-7))?
7
Suppose -5*w = h + 4*h - 1875, 0 = -w - 4*h + 363. Suppose -9 = 5*i - w. What is the tens digit of i?
7
Suppose 5*o - 2032 = -2*n, 13*o - 17*o + 4*n + 1648 = 0. What is the tens digit of o?
0
What is the hundreds digit of 640 - (-5)/(1 - -4)?
6
Suppose 4492 = 6*i - 5120. What is the hundreds digit of i?
6
Let c = -58 - -25. Suppose 319 = 7*n - 143. Let i = n + c. What is the tens digit of i?
3
Let v(q) = -7*q + 5*q - q - 4 + 6*q**2 + 3. Let j be v(-2). Suppose -r = 2*f - 31, -3*r - f = -2*r - j. What is the units digit of r?
7
Suppose m - 237 = 426. What is the hundreds digit of m?
6
Let y = -503 - -744. What is the tens digit of y?
4
Suppose 38*b - 20086 = 16*b. What is the hundreds digit of b?
9
Let m = 29 - 34. Suppose q - 6*q = -60. What is the tens digit of ((-12)/m)/(q/80)?
1
Let t be 10/15 + (-26)/(-6). Suppose -2*x = t*j - 4, -3*x = -3*j - j - 6. What is the units digit of 17 - 1*(-6)/x?
0
Let t(n) = n**3 - n**2 + n + 7. Let l be t(0). Suppose l*h + 194 = 8*h. What is the hundreds digit of h?
1
Suppose 21*n = 16*n + 5235. What is the thousands digit of n?
1
Let p = -1318 - -2344. What is the hundreds digit of p?
0
Suppose r - 11 + 12 = 0, x - 5*r - 4447 = 0. What is the hundreds digit of x?
4
What is the hundreds digit of (45 + -41)*(-6)/8*-307?
9
Suppose -j = 3*n - 1337, -42*j + 4*n - 3996 = -45*j. What is the thousands digit of j?
1
Suppose -1599 = -q - 3*h, 2*q - 22*h = -21*h + 3198. What is the tens digit of q?
9
What is the tens digit of 6*(-100)/75*89/(-2)?
5
Let f = -11 + 14. Suppose -f*n + 1 = -5. Suppose 2*b - 132 = -n*b. What is the units digit of b?
3
Suppose -3*u = 9, 4*f + 327 = -5*u - 0*u. Let p = -30 - f. What is the tens digit of p?
4
What is the hundreds digit of (-8)/(-6) + 25942/42?
6
Let i(j) = j**3 - 6*j**2 - 6*j - 2. Let s = -28 + 35. Let c be i(s). Suppose c*y + 4*d = 9*d + 400, 5*d - 410 = -5*y. What is the units digit of y?
1
Suppose -2740 = -52*u + 48*u. What is the units digit of u?
5
Suppose 2*u + 3994 = 3*j, -36*j = -33*j + 2*u - 3974. What is the hundreds digit of j?
3
Suppose -4*b = -0*b - 8. Let h(t) = 7*t**2 - b*t + 0*t - 4*t**2. What is the units digit of h(2)?
8
Suppose 3*k + 199 - 46 = 0. Suppose 5*m - 2*i + 406 = 0, 6*m + 2*i + 394 = m. Let j = k - m. What is the units digit of j?
9
Suppose 0 = -4*m - t + 2048, -22*t = 3*m - 26*t - 1555. What is the hundreds digit of m?
5
Let z(g) = g**3 - 4*g**2 - 12*g + 13. Let l be z(7). Let b = l - 51. What is the tens digit of b?
2
Let a(u) = u**3 + u**2 + 2*u + 260. What is the hundreds digit of a(0)?
2
Suppose 3*r = -5*l + 3290, 3265 = 5*l - 11*r + 9*r. What is the hundreds digit of l?
6
Suppose 3530 - 356 = 6*t. Suppose -6*x - 175 = -t. What is the units digit of x?
9
Suppose 62*t - 24025 = 37*t. What is the hundreds digit of t?
9
What is the hundreds digit of 6/9 - (-28090)/30?
9
Let l be 26*(-4)/8 - -2. Let s = 11 + l. Suppose -64 = -2*f - s*f. What is the tens digit of f?
3
Suppose 0 = 2*h - 5*r + 4*r - 6, 2*h = 4*r. Let b be h + (5*-2 - -3). Let w(f) = -3*f**3 - f**2 + f + 2. What is the units digit of w(b)?
1
Let x = 9566 + -3464. What is the thousands digit of x?
6
Suppose o = -6*o + 378. What is the tens digit of o?
5
Let c be (8/24 + -1)/((-1)/(-3)). Let b = c - -32. What is the units digit of b?
0
What is the units digit of ((-15)/(-10))/(5*1/860)?
8
Let y = 13423 - 9496. What is the units digit of y?
7
Suppose j = 2*k - 4*j + 47, -5*j + 36 = -k. Let o be 80/(-16)*(1 + k). Suppose 2*d + o = 4*d. What is the tens digit of d?
2
Let i = 8 - 7. Let r(b) = -129*b + 1. Let a be r(i). What is the tens digit of (a/(-6))/(6/9)?
3
Let x(q) = -29 - 7*q**2 + q**3 - 2*q**3 + 10*q + 2*q + 0. What is the hundreds digit of x(-10)?
1
Suppose 3*x = s + 10, -20 = -4*x - s - s. Suppose x*t - 27 = -i, -34 = -2*i - 4*t + 24. What is the tens digit of i?
3
Let o(f) = -f + 13. Let v be o(11). Let g be v + (3 - 0) + -2. Suppose 8*h - g*h = 90. What is the units digit of h?
8
Let z(t) = 2*t**2 - 2*t - 111. Let v be z(0). Let s = -48 - v. What is the tens digit of s?
6
Let g(l) = l**3 + 16*l**2 + 9*l + 7. What is the units digit of g(-8)?
7
Let i(f) = -2*f - 2 + 4 - 3*f + 6. Let k be i(9). Let q = k + 102. What is the units digit of q?
5
Suppose m + 4 - 8 = 0. Suppose -t + 283 = 4*g - 58, -m*g + 4*t + 316 = 0. Suppose